Let j(y) = 16*y**2 + 5*y - 1. Suppose 0 = t - 0*t + 20. Let m = t - -16. Is j(m) a prime number?
False
Let s(l) = 38*l**2 - 6*l + 9. Is s(-4) a composite number?
False
Let h = 1927 - 216. Is h a composite number?
True
Let p(d) = 3*d - 7. Let a be ((-27)/(-9))/((-6)/(-8)). Let x be p(a). Suppose -x*c = 3*z - 8*z - 625, 4*c - 516 = -4*z. Is c composite?
False
Let s be 1*(1 - 327)/(-2). Let a = 187 + -79. Let z = s - a. Is z prime?
False
Let j(t) = 4*t**2 + 8*t + 9. Let k = 72 - 79. Is j(k) prime?
True
Is ((-2)/(-4))/(3192255/(-266022) + 12) a prime number?
True
Let t(o) = o**3 - 8*o**2 + 6*o + 4. Let l be t(7). Is (-2 - -5)/(l/(-1018)) composite?
True
Let h = -10 - -13. Let v(n) = 49*n + 15*n + h + 189*n + 36*n. Is v(2) a composite number?
True
Suppose -49*m - 3207 = -3*q - 48*m, 3*m + 4276 = 4*q. Is q a prime number?
True
Let f(c) = -c - 2. Let d(r) = 16*r + 3. Let o(m) = d(m) + 4*f(m). Suppose 3 = -2*t + 1, 0 = -k - 3*t. Is o(k) a composite number?
False
Is 71974/21 + 3/(-9) a prime number?
False
Let z = 3453 - 157. Is z/14 + (-15)/35 prime?
False
Let m be (-85 - 3)*44/8. Let d = 235 - m. Is d a composite number?
False
Let a(m) = -m + 205. Suppose -2*f = -u + 6, -f + 5*f = 5*u - 24. Suppose u*b + 2*x = 5*x + 3, -3*b = 2*x + 2. Is a(b) a prime number?
False
Suppose -4*x + 1 = 3*p - 65, -5*x + 3*p = -69. Let m be (-5)/(x/(-864)) + 3. Let q = m - 170. Is q composite?
True
Let p = -1814 + 3832. Suppose 0 = 4*j - 12, 5*w - 4*j - p = 12885. Is w composite?
True
Let v(n) = 127*n**2 - 100*n - 33. Is v(14) a prime number?
True
Let z = 1296 - 251. Is z - 6 - (-1 - -1) prime?
True
Let h(v) = -1 - 4 + 7 + 22*v**2 + 5*v. Is h(-3) prime?
False
Let q(d) = d**3 + 28*d**2 - 31*d - 55. Is q(-21) composite?
True
Is (-12 + 643)/(2/22) composite?
True
Suppose 38*x + 50072 = 42*x. Let d = x + -8529. Is d prime?
True
Let g be 56/(-26) + 2/13. Let m be 18/(-12)*g/1. Suppose m*v - 390 = -105. Is v prime?
False
Let p = -42 - -29. Let t(c) = -c**3 - c. Let x(y) = -y**3 + 12*y**2 - 5*y + 15. Let u(z) = 2*t(z) - x(z). Is u(p) prime?
False
Let k(j) = 5*j**3 - 2*j**2 + 25*j - 9. Is k(5) composite?
False
Let f be 1456/12 + (-1 - (-10)/6). Let o = 2269 - f. Is o a prime number?
False
Is (-440974)/(-30) + 8/(-60) prime?
True
Suppose -96235 = -13*m - 5274. Is m prime?
True
Let b = 2725 - 997. Suppose -6*n = -2*n + b. Let j = n - -623. Is j a composite number?
False
Let w = -2302 - -45155. Is w composite?
False
Let l be (1 + -4)/((-3)/23). Let q = l + -20. Suppose q*x - 30 = t - 2*t, 0 = -4*t + 5*x + 137. Is t a composite number?
True
Let q(v) = -209*v - 5. Let b be q(-10). Suppose 5*m - b = 4*m + 4*d, 10545 = 5*m + 4*d. Is m a composite number?
True
Let s = 19 + -19. Suppose -15*u + 12*u + 1869 = s. Is u prime?
False
Let v be (1 + -3 + -133)*1. Let a = 950 + v. Suppose 0 = 4*u + u - a. Is u a prime number?
True
Suppose 2*x + 12 = 5*b, 3*x + 1 + 3 = 4*b. Suppose -3*y - f + 2 = -25, b*y = 2*f + 26. Suppose -y*q = -3*q - 955. Is q a prime number?
True
Let n(q) = -q**2 + 5*q - 3. Let p be n(2). Suppose f - p*b + 581 = 0, 0 = -2*f + 2*b - 3*b - 1197. Let l = f - -1093. Is l a prime number?
False
Suppose 47 = 5*d - 8. Suppose -96 = -t - d. Is t prime?
False
Let h(m) = m**3 - m**2 + 3. Let v be 267/15 + 2/10. Let b be 0 - -6 - v/6. Is h(b) a composite number?
True
Suppose 1666 = 4*q - 1018. Is q composite?
True
Suppose 2*k = -4*k + 3*k. Suppose 3*m - 1293 - 2790 = k. Is m a prime number?
True
Suppose -10 = -3*i - g, -2*i + 2 = 3*g - 7. Suppose i = -5*h + 8*h. Is -64*(-1 + -3) + h prime?
True
Let j be -2 - 1 - 9/(-3). Let p be (j + 1 - 1)/2. Suppose p = 3*x + f - 203, 2*x - 4*x + 136 = f. Is x composite?
False
Suppose 32615 = 11*y - 6*y - 2*z, 3*y + 5*z - 19538 = 0. Is y prime?
True
Let d(v) = -v + 11. Let y be d(8). Suppose 2*t - 10 = 4*t, b - y*t = 19. Suppose -o = 3*s - 53, -4*o - b*s = o - 265. Is o a composite number?
False
Suppose -h + 5*h = 0. Let r be h/(-4) - (-58 + 2). Suppose -b + 5*b = r. Is b composite?
True
Let a(i) = 7*i**2 - 2*i + 7. Let f = 19 + -27. Is a(f) a prime number?
False
Let g(n) = 133*n**2 - 6*n + 6. Let a be g(-3). Is 6 - 10 - a*-1 a prime number?
True
Let p be (18/(-4) - -3)*2. Is (485 - (p + -1)) + -4 a prime number?
False
Suppose 19*k - 48876 = 7*k. Is k a composite number?
False
Let j = 182552 + -116973. Is j composite?
False
Let z(v) = -v**3 - 14*v**2 - v + 2. Let j be z(-14). Suppose -4*y - 267 = 109. Is (-20)/j*2*y a composite number?
True
Let o(r) = 32*r**3 - r**2 - 6*r - 4. Let l be o(5). Suppose -l = -8*p - 349. Is p a composite number?
False
Let s(j) = -j**3 - 7*j**2 - 9*j - 15. Let i be s(-6). Suppose 2*b - 194 + 42 = -i*u, 4*b = -4*u + 308. Is b composite?
False
Suppose m = -5*d + 5, -2*m + 0*m + 2 = 2*d. Suppose m = -4*v - 3*c + 212, -3*c - c = 16. Let z = v + 23. Is z composite?
False
Is (-566280)/(-54) - (16/6 - 3) a composite number?
False
Let u(g) = 2441*g**2 + 21*g - 39. Is u(2) prime?
True
Suppose -4*f - 24*s + 26*s + 18842 = 0, s - 23556 = -5*f. Is f a composite number?
True
Let n = -4898 - -2073. Let p be (-174)/9 + 2/(-3). Is n/p - (-1)/(-4) a composite number?
True
Suppose 0 = 5*h + 4328 - 17503. Suppose -d + h = 4*v + 258, 12 = -4*d. Suppose 0 = 4*t + t - v. Is t prime?
False
Let k(r) = 13*r**2 + 22*r + 528. Is k(31) prime?
False
Let r = -204 - -485. Is r/3 + 7/21 a prime number?
False
Suppose -2*v + 6 = -0*v. Let m be (v + -5)*1 - 445. Let q = 658 + m. Is q a prime number?
True
Let b(a) = 2*a**2 - 29*a - 4. Suppose 6 = -5*v + 2*p - 3, -4*v - 24 = 4*p. Let r(w) = w**2 - 10*w - 1. Let z(c) = v*b(c) + 8*r(c). Is z(-7) a composite number?
False
Suppose 4*v - 291 = 5*c - 0*c, -5*v - 4*c = -415. Suppose 5*d - v = 4*d. Is d a prime number?
True
Let k(w) = 8*w**2 - 54*w - 233. Is k(40) a prime number?
False
Let r = -12812 + 25473. Is r a prime number?
False
Suppose 5*p = 10*p - 2065. Suppose 0 = -3*f + 340 + p. Is f a composite number?
False
Let n(v) = 6*v + 26. Let h(z) = z**2 + z - 1. Let k(s) = 3*h(s) - n(s). Is k(14) a composite number?
True
Let z(g) = g + 9. Let d be z(-8). Suppose 3*r + 2 = -d. Let t(a) = 198*a**2 - a. Is t(r) prime?
True
Is 11/(330/(-34420))*3/(-2) a prime number?
True
Let x be 2/(-4)*(-8)/(6 - 4). Suppose x*g - 6805 = -3*g. Is g a prime number?
True
Let p be (-5 - -3 - 4)/(6/(-5793)). Suppose 29*i - 32*i = -p. Is i a composite number?
False
Suppose 50 - 518 = 2*o. Let j = 82 - o. Suppose 4*c + c - j = -4*n, 0 = c - 4. Is n prime?
False
Let j(c) = -c**3 + 8*c**2 + 24*c + 6. Let a be j(11). Let n = 254 + a. Is n prime?
False
Let n be (-1 + -4)/(-5) - 1. Let a be 1*(n - 2) - -6. Suppose -f = -4*f - h + 73, a*f - 79 = -5*h. Is f prime?
False
Suppose -2*o + 0*o + 6 = 0. Suppose -o*f = 4*j - 1585, -j - 4 = -5. Is f a prime number?
False
Let w(y) = 5*y. Let j be w(1). Let r(z) = 20*z**2 - 10*z**2 + 3*z - 1 + 5*z**2 - 6*z**2. Is r(j) a prime number?
True
Suppose 154 = 3*j - 5*j. Let s = 114 + j. Let f = -4 + s. Is f composite?
True
Let p(k) be the first derivative of k**3/3 + k**2/2 + 139*k + 15. Is p(0) composite?
False
Let f = -3556 + -1567. Let d = -1246 - f. Is d prime?
True
Suppose -5*k = 569 + 4941. Let h = -725 - k. Is h composite?
True
Let y = -124 + 1390. Suppose -5*f - y = -k, 9341 - 3038 = 5*k + 2*f. Is k composite?
True
Let n(u) = u. Let m = -6 + 14. Let v be n(m). Let x = 18 + v. Is x a prime number?
False
Let l = -30022 + 53868. Is l a prime number?
False
Suppose -4*f + 20 = -2*w - w, -15 = -3*f - 3*w. Suppose -f*s - 3*n = -704, 5*s - 3*s + 2*n - 284 = 0. Is s composite?
False
Let d(n) be the first derivative of n**4/4 + 7*n**3/3 + n**2/2 + 6. Let j be d(-5). Suppose 5*m + j = 4*k - 1, 0 = -5*k - 4*m + 37. Is k prime?
False
Let d(f) = f**3 + f + 19661. Is d(0) prime?
True
Let x(u) = -381*u + 95. Is x(-7) a composite number?
True
Suppose -3140 - 5500 = -8*d. Suppose 0*h + 2204 = -4*h. Let f = h + d. Is f a prime number?
False
Let i(w) = 43*w**2 - 2*w + 7. Let n be i(-9). Suppose 4*x + 0*x = n. Is x composite?
False
Let o(q) = 2782*q + 3095*q - 665*q - 3. Is o(1) a composite number?
False
Suppose 9*r - 649946 = -13*r. Is r composite?
True
Suppose 0 = 6*b - 1313 - 7495. Suppose -p - b = -5*p. Is p a prime number?
True
Suppose g + 6 = 7. Let k(q) be the third derivative of q**5/5 + q**4/24 + q**2. Is k(g) com